k(p).
-8
Let v(o) = 13*o**2. Let u(y) be the third derivative of -y**6/120 + y**5/60 + 5*y**4/24 + 2*y**3/3 - y**2. Let r be u(3). Determine v(r).
13
Let y(o) = -o. Let n(z) = z**2 - 8*z + 4. Suppose 2*v - 4 = 0, -4*v + 4 = 7*t - 3*t. Let j(m) = t*n(m) + 2*y(m). Let r = -4 - -10. What is j(r)?
-4
Let q(l) be the first derivative of l**4/4 + 10*l**3/3 - 6*l - 5. Let x be q(-10). Let o(f) = -f**3 - 6*f**2 - 3*f - 4. What is o(x)?
14
Let m be (-1 - -1 - 4)*1. Let w(k) be the first derivative of 6*k + 8 + 1/2*k**2. Calculate w(m).
2
Let d(h) = -h**3 - 3*h - 4 - 7*h**2 + 3 + 5. Suppose 2*p - 6 = 3*p. Give d(p).
-14
Suppose -3*x + 21 = -0*o - 3*o, 5*x = 4*o + 31. Let w(t) = -5*t + 5. Determine w(o).
25
Let m(b) = 11*b**2 + 15*b - 13. Let l(j) = -4*j**2 - 5*j + 5. Let c(f) = 8*l(f) + 3*m(f). Let w = 0 + 0. Suppose 3*n = -w*n - 18. Calculate c(n).
7
Let p(l) be the first derivative of l**5/120 - l**4/12 - l**3/3 - 3. Let r(a) be the third derivative of p(a). Suppose 2*x = 4*t, 4*x = -t + 16 + 11. Give r(x).
4
Let v(o) = 2*o - o - 998 - 27*o**2 + 998. Give v(1).
-26
Suppose 5*d - 25 = -10. Let m(q) = 4 + 2*q**d - 4*q**2 - 3*q - 1 - q**3. Let k = -19 - -23. Determine m(k).
-9
Let a(u) be the third derivative of -u**2 + 1/120*u**6 + 0*u + 0 - 7/6*u**3 + 1/30*u**5 - 5/24*u**4. Let m be a(-3). Let y(v) = 2*v**3 - 1. Calculate y(m).
-3
Let n(w) be the first derivative of w**3/3 + 2*w + 41. Give n(-3).
11
Let y = 687 + -678. Let x(s) = s**3 - 8*s**2 - 10*s. Calculate x(y).
-9
Let z(k) = 4*k**3 + 7*k**2 - 8. Let t(l) = l**3 + l**2 - l - 1. Let a(n) = 5*t(n) - z(n). Calculate a(4).
15
Let g = -12 - -6. Let d(u) = 13*u + 93. Let l be d(-7). Let w(f) = 5*f + 6 - 8 + 3*f**l - 2*f**2 - 5. Calculate w(g).
-1
Let k(s) = -9*s**3 + 14*s**2 + 6*s + 5. Let v(f) = 2*f**3 - f**2 + f - 1. Let y(u) = -k(u) - 4*v(u). Give y(11).
10
Let q(z) be the third derivative of -z**5/12 - z**4/12 + z**3/6 + 22*z**2. What is q(-2)?
-15
Let n = -73 + 87. Let z(b) be the first derivative of b**4/4 - 13*b**3/3 - 7*b**2 + 5*b - 86. Calculate z(n).
5
Let x = -2 - -7. Let k(n) be the second derivative of -5/2*n**2 + 1/6*n**3 - 6*n + 0. Calculate k(x).
0
Let w(a) = 7*a**2 + 14*a - 13. Let n(g) be the third derivative of g**5/6 + 7*g**4/8 - 19*g**3/6 + 2*g**2. Let p(v) = -5*n(v) + 7*w(v). Calculate p(-7).
4
Let f(o) = -o + 7. Let x(d) = -4. Let l(w) = -5. Let r(g) = 5*l(g) - 6*x(g). Let m(c) = -f(c) - 5*r(c). Let y = 17 - 11. Calculate m(y).
4
Let k(h) be the third derivative of -h**4/24 - 21*h**2. Let t(n) = -5*n + 9. Let w(f) = 3*k(f) - t(f). Determine w(-7).
-23
Let x(k) be the second derivative of -k**5/20 + 5*k**4/12 + k**3/3 + 3*k**2/2 + 4*k. Let g = 35 - 29. Let d be (-20)/(-6)*g/4. Calculate x(d).
13
Let o(n) = 5*n**3 - n. Let s(q) be the third derivative of -q**4/6 - 7*q**3/2 + 7*q**2. Let p be s(-5). Calculate o(p).
-4
Let k(l) = l**3 + 0 + 7*l**2 - 4 + 0*l**3 + 2*l - 2*l**3. Suppose 125 = 16*d + 13. Give k(d).
10
Let j be 13/((-104)/16) - -15. Let i(v) be the second derivative of j*v + 0 - 1/12*v**4 - 3/2*v**2 - v**3. Determine i(-4).
5
Let n(r) = -5*r**2 - 11*r - 14. Let l(q) = -2*q**2 - 5*q - 7. Let g(x) = -7*l(x) + 3*n(x). Determine g(-4).
-17
Suppose 0 = 11*q - 13*q - 10. Let r = 10 + q. Let c(i) = -i**2 + 5*i + 6. What is c(r)?
6
Let p(s) = 3*s - 9. Let q = 2182 - 2189. Determine p(q).
-30
Let b(t) = -4*t + 69. Let r be b(15). Let m(q) = 3*q - 19. Determine m(r).
8
Let f(r) = -r**3 - 6*r**2 - r - 2. Let a = -164 - -158. Give f(a).
4
Let m = 6 + -1. Suppose -a = 4*a + m*c - 35, 3*a + 5*c - 29 = 0. Let n(t) = -t + 3. What is n(a)?
0
Let m(b) = -11*b**2 - 9*b - 3. Let i(v) = -2*v**2 - v - 2. Let f(a) = -5*i(a) + m(a). Suppose 4*x + 15 = x. What is f(x)?
2
Let w(z) = -6*z**2 - 5*z**2 + z**3 - 2*z**2 - 4 + 6*z**2 - 5*z. What is w(8)?
20
Let u(p) = -31*p - 1. Let o(k) = -129*k - 5. Let f(j) = 2*o(j) - 9*u(j). What is f(1)?
20
Let q(b) = b**2 + 10*b + 12. Let z be 5 - 1/((-8)/(-104)). Calculate q(z).
-4
Suppose -w - 4 = -3*w. Let c(s) = -34*s**2 - 4*s**3 + 3*s**3 - s + 71*s**2 - 38*s**w + 7. Give c(0).
7
Let p(k) = -2*k + 2. Let z(y) = -y**2 + 1. Let o be z(3). Let h(t) = 5*t - 5. Let a(v) = o*p(v) - 3*h(v). Let l = 5754 - 5749. Give a(l).
4
Suppose -c - 20 - 25 = 5*t, 4*c + 60 = 4*t. Let u be (12/(-15))/(8/c). Let m(p) = 3*p**3 - 3*p**2 - p + 2. Calculate m(u).
12
Let d(p) = p + 6. Let h(a) = 5. Let v(w) = -3*d(w) + 4*h(w). Determine v(5).
-13
Let o(i) be the third derivative of i**7/2520 + 7*i**6/720 + i**5/20 - 3*i**4/4 + 21*i**2. Let f(r) be the second derivative of o(r). Determine f(-6).
0
Let q(b) = 2*b**3 - 7*b**2 + 16*b - 3. Let l be q(3). Let y be 4/((-6)/l*3). Let m(f) = -f - 8. Determine m(y).
0
Suppose 8*n = 6*n - 12. Let m(q) = 6 - q - 3 - 6 - 3. Give m(n).
0
Let y(c) = c**3 - 4*c**2 - c + 1. Suppose -i + 16 = -4*v, -5*v - 32 = -4*i + 32. Suppose -2*g + 2*n - i = -6*g, 5*g - 20 = -3*n. What is y(g)?
-3
Let u be 1*(-2)/(-5)*10. Let q(s) = 493 + 3*s**2 - 7*s**2 - 491 - 4*s**3 - s + 5*s**3. What is q(u)?
-2
Suppose 0 = 8*n - 8 + 56. Let y(c) = -5*c + 10*c - 6 - 4*c. What is y(n)?
-12
Let b(a) be the second derivative of -a**5/20 + 5*a**4/6 + a**3/3 - 6*a**2 - 79*a. What is b(10)?
8
Let k = -5 - -29. Let d be (-6)/k*2*2. Let v(r) = r. Give v(d).
-1
Let d(x) = -8*x - 3. Let w be (-5)/35 - (-3 + 228/(-28)). Let q(j) = 23*j + 9. Let y(o) = w*d(o) + 4*q(o). Calculate y(-3).
-9
Let p(a) = -6*a**3 - 2*a**2 + a. Let h be -2*(3 - (-1 + 3)). Let q be h/(-3*8/12). Calculate p(q).
-7
Let a(i) = i**2 + 5*i. Suppose 7 - 19 = m. Let y be m/66 - 35/(-11). Suppose y*q - 8 = 5*q. Determine a(q).
-4
Let y(u) = u + 2. Suppose 0 = 2*j + 2*k - 1 + 17, 26 = -4*j + 2*k. Calculate y(j).
-5
Let h(v) = 2*v**3 - 2*v**2 - v + 1. Suppose -1008*t + 1002*t + 18 = 0. What is h(t)?
34
Let h(g) = g**3 - 5*g**2 + 3*g - 6. Let q be (-1)/2 + (-78)/(-4). Let d = 543 - 529. Let i = q - d. Calculate h(i).
9
Let j(r) = -r**2 - 8*r - 6. Let b = -1017 + 1008. What is j(b)?
-15
Let r(j) = -2*j - 3. Let u(n) = -n - 2. Let v(g) = -3*r(g) + 5*u(g). Let c = -45 + 72. Suppose 9 = 4*w + l, -4*l = -w - c + 8. Give v(w).
0
Let n(q) = q**2 + 5*q + 1. Let c(k) = 3*k**2 + 19*k + 3. Let d(s) = -3*c(s) + 6*n(s). What is d(-9)?
-3
Let q be 3 + 2 - (1 + -2). Let i be (-41)/(-4) - 4/96*6. Let u(a) = 15 + 6*a - i - 11 - a**2. Give u(q).
-6
Let j(u) = -3*u**2 + 7*u**2 - u**3 - 4*u + 7 + 0*u + 7*u. Suppose 4*r - 7 = -3. Let a = r - -4. Determine j(a).
-3
Let y be 15/(25/5) - -22. Let d = -34 + y. Let t(l) = 6*l - 5. Let p(o) = 13*o - 11. Let v(f) = d*t(f) + 4*p(f). What is v(-3)?
7
Suppose 18*g - 3*n + 4 = 17*g, 4*g = n + 6. Let j(r) be the second derivative of 0 + 1/6*r**3 - r - 4*r**g. Calculate j(0).
-8
Let u(c) = -c**3 - c + 1. Let r(l) = -7*l**3 - 12*l**2 - 17*l + 18. Let f(g) = r(g) - 6*u(g). What is f(-11)?
12
Suppose 0 = -4*i + 63*p - 61*p + 40, 2*i - 2*p - 20 = 0. Let d(y) = y**3 - 9*y**2 - 8*y - 10. Give d(i).
10
Let w be -4*(2 + 15/(-6)). Let l(s) = 5*s + 4*s**w - 5*s**2 + 6*s**2 - s**3 + 0*s**3 + 3. Suppose -u + 3*h + 18 = 0, -3*u - 10 = -4*u + h. What is l(u)?
-3
Let o = 29 + -19. Suppose 5 = y + o. Let z(w) = -2*w - 3. Calculate z(y).
7
Let f(b) = b**3 + 5*b**2 + 5*b. Let y be (32/(-6))/(8/(-12)). Suppose -5*g + 4*w + 24 = 0, -g + 5*w + y = -1. Suppose -x + g*x = -12. Determine f(x).
-4
Let r(s) = 0 - 2 + 3 - 2 - 5*s. Let q be (-4)/20 - 288/10. Let w = 28 + q. Calculate r(w).
4
Let t(l) = l**3 - 11*l**2 - 13*l + 15. Suppose -29 - 23 = -4*k - 4*i, -3*k + 5*i = -31. What is t(k)?
3
Suppose -2*t + 4*t = -6. Let x(l) be the second derivative of -l**5/20 - l**4/4 + l**3/6 - 3*l**2/2 + 67*l. Calculate x(t).
-6
Suppose 13 = d + 4. Let y = d - 6. Let g(l) = -y - l**2 + 4*l**2 - 2*l**2 - 1 + 2*l. What is g(-3)?
-1
Suppose 45*u - 20 = 49*u. Let g(b) = -b**3 - 12*b**2 - 4*b + 6. Let p(k) = -k**3 - 11*k**2 - 4*k + 5. Let i(m) = 5*g(m) - 6*p(m). What is i(u)?
5
Let x = 6999 + -6993. Let k(y) = -4 + 4*y + 0 - y**2 + y. What is k(x)?
-10
Let n = -6 + 8. Suppose 22 = -2*b + 8. Let s(p) = 3*p**2 - 9*p + 2. Let v(d) = -d**2 + 3*d - 1. Let h(x) = b*v(x) - 2*s(x). Give h(n).
1
Let k(u) = -6 + 4 - 2*u - 4*u**2 - 1 + 2. Let o(j) = -j**2 - 1. Let p = 3 - 4. Let i(b) = p*k(b) + 5*o(b). Calculate i(4).
-12
Suppose -3*y - 1 = 5*q - 14, 0 = q - y